prime factors of (10 + -18)*-1 - -60410 - 4?
2, 3, 10069
Suppose 14*x + 2300 + 14710 = 44*x. List the prime factors of x.
3, 7
Suppose 76*v = 115193 - 41583 + 906334. What are the prime factors of v?
2, 3, 7, 307
Suppose 7*c - 5*c + 22 = -2*x, 4*x + 14 = -c. Suppose 96 = 2*i - 194. List the prime factors of -3*i/c*2/3.
29
Let i be -3*(-25 - 0) - -3. Let k = -76 + 224. Suppose -a = 2*d - i, 4*a - 2*a - 4*d - k = 0. List the prime factors of a.
2, 19
Suppose 0 = 954*d - 957*d + 915. Suppose 220 = -5*v - 675. Let j = v + d. What are the prime factors of j?
2, 3, 7
Let m(v) = 680*v**3 - v**2 - 4*v + 4. Let o be m(1). Suppose 0 = -2*p + t + o - 147, -805 = -3*p + 5*t. List the prime factors of p.
5, 53
Let a(i) = i**2 + 16*i + 32. Suppose -4*n - 62 = 3*r, 2*r = -2*n - 0*n - 32. Let t be a(n). Suppose 3*o - t*o + 129 = 0. What are the prime factors of o?
3, 43
Let a be 7*(8 - 576/63) - -308. Suppose m = 3*c + 19, -3*c + 3 = -0*c. Suppose m*r - 19*r = a. List the prime factors of r.
2, 5
Suppose w - 2 = -w. Suppose 5*z + 4*x - 41 - 5 = 0, -x + 16 = 2*z. List the prime factors of (-2)/z*w - (-206)/6.
2, 17
Suppose -8832*z = -8760*z - 3103632. What are the prime factors of z?
2, 7, 3079
Suppose 2*w - 3*f = 61, 2*w + 2*f - 20 = 16. Suppose -1344 = -4*x + 4*u, -19*x + w*x = -3*u + 1365. What are the prime factors of x?
3, 113
Let g = 89149 - 41707. List the prime factors of g.
2, 3, 7907
Let u = -22 - -30. Let x be 3/24 + 31/u. Suppose 5*c - 2*n - 760 - 64 = 0, x*c = 5*n + 649. List the prime factors of c.
2, 83
Let z(v) = -455*v - 410. What are the prime factors of z(-7)?
3, 5, 37
Let u(d) = -15*d - 57. Let p be u(-5). Let h(w) = -w**3 + 20*w**2 - 24*w + 61. List the prime factors of h(p).
277
Let o be (-183)/12 + 3/(-4). Let j be o/(-3)*(-2646)/(-36). Suppose 5*p + 3*p - j = 0. List the prime factors of p.
7
Let k(b) = -9620*b - 437. List the prime factors of k(-2).
18803
Let i = -34272 - -57883. What are the prime factors of i?
7, 3373
Suppose 95*h - 1425 = 38*h. Suppose 0*l = 5*l - 120. Let v = l + h. List the prime factors of v.
7
Suppose 196*t - 2212241 - 1478431 = -80*t. List the prime factors of t.
2, 3343
Let f(r) = r**3 + 11*r**2 + 9*r - 14. Suppose -5*z + z + 48 = 0. Suppose 51 + z = -9*n. What are the prime factors of f(n)?
7, 17
Let k(c) = -20*c + 37. Let u(b) = 22*b - 37. Let a(m) = -4*k(m) - 3*u(m). What are the prime factors of a(25)?
313
Suppose -5*t - 20*h - 2595 = -15*h, 0 = -5*t - 2*h - 2583. Let y = t - -941. List the prime factors of y.
2, 3, 71
Suppose 4*b = 3*t + 156, 5*t + 56 = 4*b - 3*b. Suppose -13957 = -b*z + 11495. List the prime factors of z.
7, 101
Suppose -4*f - 29 = -5*j, -4*j = -3*f + 8*f - 15. Suppose -2*x = -j*x + 3*u + 3429, -5*u - 2271 = -2*x. What are the prime factors of x?
2, 7, 41
Suppose n = 3*a + 6*n + 543, 4*n - 724 = 4*a. Let w = 268 + a. Suppose w = 2*u - 77. What are the prime factors of u?
2, 41
What are the prime factors of 4665 + -1 - (3/4)/((-18)/(-72))?
59, 79
Suppose 1368 + 6300 = 12*d. Suppose 15 = y - d. What are the prime factors of y?
2, 3, 109
Let y(f) = f - 29. Let w be y(29). Suppose 5*x - 1741 = x + a, -4*a + 12 = w. What are the prime factors of x?
2, 109
Let a = 7092 + -5015. List the prime factors of a.
31, 67
Let y be 26/39*42/(-4). Let x(l) = -2*l**3 - 8*l**2 + 6*l - 1. What are the prime factors of x(y)?
251
Let a(b) = b**2 - 15*b - 6. Let l be a(16). Suppose 0 = l*q + q - 1265. What are the prime factors of q?
5, 23
List the prime factors of 44677/30*(-90)/(-36) - (-11)/(-132).
3, 17, 73
Suppose -307*i - 7759752 = -494*i. What are the prime factors of i?
2, 3, 7, 13, 19
Suppose 0 = 26*s - 23*s - 9. Suppose s*q - 8 = 4. Let f(j) = -j**3 + 6*j**2 - 2*j - 1. What are the prime factors of f(q)?
23
Let i(n) be the third derivative of n**5/60 + 26*n**3/3 + 70*n**2. List the prime factors of i(11).
173
Suppose 0 = -36*k + 19*k - 27965. Let s = 2332 + k. What are the prime factors of s?
3, 229
Let d(c) = 1303*c**2 - 13*c - 12. Let t be d(-1). List the prime factors of (t/(-50) + (-40)/(-500))*-47.
2, 13, 47
Let c = -24 - -27. Suppose c*y - 68 = -k, 0 = -3*k + y + 3*y + 217. Suppose -k = -b - 19. What are the prime factors of b?
2, 13
Let h(v) = 487*v - 38. Let f(q) = 162*q - 13. Let k(x) = 11*f(x) - 4*h(x). List the prime factors of k(-2).
11, 31
Suppose -608 = -5*c + 3*o, 132 = c + o + o. Let i = 133 - c. Let g = 38 - i. List the prime factors of g.
29
What are the prime factors of -4 - -1 - -1*(6 + -11 + 24660)?
2, 6163
Suppose -33*h - 36*h + 33*h = -678636. List the prime factors of h.
7, 2693
Suppose 983 = 2*c - p, 2*c - 214*p + 216*p - 998 = 0. What are the prime factors of c?
2, 13, 19
Suppose 2008 + 704 = 24*y. What are the prime factors of (y + 0)*((-9 - -3) + 11)?
5, 113
Suppose -k + 29 = 3*a, 5*a + 3*k + 10 = 53. Let s be ((-4)/(-6))/(a/99). Suppose 0 = -12*m + s*m + 312. List the prime factors of m.
2, 13
Suppose -q - 4*g = -2*q - 18, 16 = 2*q + 5*g. What are the prime factors of 3 - 720/(-4 + q)?
3, 41
Suppose 3*b + b + 5*c = 20101, 6*b - 2*c - 30142 = 0. What are the prime factors of b?
2, 157
Let q = -339 - -343. Suppose 0 = 4*b + q*x - 2*x - 1208, -3*x - 1521 = -5*b. What are the prime factors of b?
3, 101
Suppose -4*q - 13*l = -10*l - 98674, 4*q = 4*l + 98632. List the prime factors of q.
2, 3083
Let l(o) = o**2 + 170*o - 399. List the prime factors of l(31).
2, 3
List the prime factors of -6 - (218883/441)/((-4 - -2)/78).
37, 523
Let o(r) be the third derivative of r**5/20 - 7*r**4/12 - 4*r**3 + r**2. Let d be 18 - (1 - (-6 - -11) - -11). What are the prime factors of o(d)?
5, 37
Suppose 107409 = 56*i + 5377. Let r = i + -727. What are the prime factors of r?
3, 5, 73
Let c be -11 - -8 - 21/(-3). What are the prime factors of 2*2/16 + 811/c?
7, 29
Suppose 10 = 3*h + 1. Suppose -1362 = -h*l + 3*b, -2*b - 2*b = -12. Let y = l - 293. What are the prime factors of y?
2, 41
Let m = 81 + -1029. Let u = 1678 + m. List the prime factors of u.
2, 5, 73
Suppose 0 = 2*r - 4*f - 10297 - 1741, 5*r = -2*f + 30071. List the prime factors of r.
3, 5, 401
Suppose -50 = 2*h - 34, 0 = -20*b - 4*h + 475368. List the prime factors of b.
2, 5, 2377
Suppose 4*k = 5*o + 15582, 8152 = 3*k - 5*o - 3537. List the prime factors of k.
17, 229
Suppose 39*a - 135866 = -3*u + 44*a, a + 45290 = u. List the prime factors of u.
2, 13, 67
Suppose -52*o + 52734 = -18*o. List the prime factors of o.
3, 11, 47
Suppose -240*t = -230*t - 60430. What are the prime factors of t?
6043
Suppose -1066*x = -1162*x + 4996224. List the prime factors of x.
2, 3, 4337
Suppose -2*s = r + 34, -15*s + 11*s - r = 64. What are the prime factors of (-5096)/(-30) - -6 - 2/s?
2, 11
Suppose 0 = -3*g - 2*x + 559, -131 - 88 = -g + 4*x. Let r(f) = f + 1. Let z be r(-6). Let d = z + g. What are the prime factors of d?
2, 3, 31
Suppose -2 = -4*v - 4*x + 14, 3*v + x - 8 = 0. Suppose -4 + 0 = -v*b. Suppose -d = -b*d + 73. List the prime factors of d.
73
Let i(j) = 884*j**2 + 52*j + 146. What are the prime factors of i(-3)?
2, 29, 137
Let p(t) = 12*t + 181. Let u be p(-14). Suppose 3416 = u*k + k. List the prime factors of k.
2, 61
Let h be (-4)/18 - (86/18 + -5). Suppose -4*m + 3*c - 6 = h, -3*m - 1 = -3*c + 5. What are the prime factors of (m - 4) + 0 - -114?
2, 5, 11
Let c be (-19)/7 + 12/(-42). What are the prime factors of 3 - (446*c + 1/(-1))?
2, 11, 61
Let z = -40 + 44. Suppose 2*p - 6*p - 72 = -s, z*p + 192 = 3*s. What are the prime factors of s?
2, 3, 5
Let a(q) = 5*q**3 + q**2 + 3*q - 20. Let h be a(3). Suppose -h*w = -139*w + 8820. List the prime factors of w.
2, 3, 5, 7
Let l = -2638 - -12919. List the prime factors of l.
3, 23, 149
Suppose 4*g - 47816 = 2*b - 152898, -2*g = -16. What are the prime factors of b?
3, 17519
Let u = -562 - -560. What are the prime factors of 10 + 168/(-16) + (-2653)/u?
2, 3, 13, 17
Suppose 183*v - 250670 = 148*v. List the prime factors of v.
2, 3581
Let q(f) be the first derivative of f**2/2 - 15*f + 13. Let n be q(15). Let k(i) = -i**3 + 2*i**2 - 4*i + 65. What are the prime factors of k(n)?
5, 13
Let t = 597 - 592. Suppose 1216 = 3*m - t*c, -3*m = -4*c + 170 - 1390. List the prime factors of m.
2, 103
Suppose -4*o + 8*p + 27 = 3*p, p = 5*o - 18. Suppose -j - 4*v = -o*j + 30, 0 = 4*j + 4*v - 84. Wh